se
Is 232 a factor of 46864?
True
Does 13 divide 2197?
True
Is 1887 a multiple of 51?
True
Does 23 divide 46483?
True
Is 13200 a multiple of 80?
True
Does 17 divide 395?
False
Is 24 a factor of 53888?
False
Is 46 a factor of 1397?
False
Is 1207 a multiple of 15?
False
Is 26 a factor of 4117?
False
Is 19 a factor of 62927?
False
Is 2439 a multiple of 9?
True
Is 13 a factor of 9646?
True
Is 33 a factor of 32726?
False
Does 16 divide 739?
False
Is 32 a factor of 365?
False
Does 26 divide 4521?
False
Does 66 divide 409?
False
Is 10 a factor of 207?
False
Is 12 a factor of 63576?
True
Is 8510 a multiple of 23?
True
Does 10 divide 63778?
False
Does 3 divide 1278?
True
Is 5 a factor of 510?
True
Is 49 a factor of 12479?
False
Is 15 a factor of 37455?
True
Is 180 a factor of 36833?
False
Does 29 divide 2233?
True
Is 28 a factor of 20720?
True
Is 37121 a multiple of 30?
False
Is 10560 a multiple of 15?
True
Is 51 a factor of 472?
False
Is 41 a factor of 7684?
False
Is 9760 a multiple of 27?
False
Is 27 a factor of 999?
True
Does 2 divide 776?
True
Is 7664 a multiple of 39?
False
Does 28 divide 1064?
True
Is 17 a factor of 102?
True
Is 2855 a multiple of 14?
False
Is 24 a factor of 213?
False
Does 102 divide 32742?
True
Is 52 a factor of 3744?
True
Does 128 divide 14391?
False
Does 14 divide 2548?
True
Is 6038 a multiple of 29?
False
Is 6 a factor of 2840?
False
Is 94 a multiple of 30?
False
Does 21 divide 62778?
False
Is 41 a multiple of 2?
False
Is 14 a factor of 28994?
True
Is 10 a factor of 4887?
False
Does 175 divide 10325?
True
Is 132 a factor of 13453?
False
Is 38 a factor of 5149?
False
Is 47972 a multiple of 179?
True
Is 524 a multiple of 131?
True
Is 69 a factor of 1518?
True
Is 45 a factor of 8235?
True
Is 24 a factor of 173?
False
Is 131599 a multiple of 186?
False
Is 77 even?
False
Does 51 divide 3726?
False
Does 10 divide 4049?
False
Is 4 a factor of 76?
True
Is 82 a factor of 36162?
True
Is 17160 a multiple of 20?
True
Is 5 a factor of 6423?
False
Is 4759 a multiple of 90?
False
Is 26 a factor of 345?
False
Is 1914 a multiple of 66?
True
Does 10 divide 1870?
True
Is 20 a factor of 33915?
False
Is 32 a factor of 988?
False
Is 1666 a multiple of 17?
True
Is 35702 a multiple of 5?
False
Is 9 a factor of 4926?
False
Does 115 divide 5520?
True
Is 13 a factor of 351?
True
Is 1391 a multiple of 11?
False
Does 12 divide 210?
False
Does 13 divide 1638?
True
Is 16 a factor of 63049?
False
Is 2 a factor of 727?
False
Is 55 a factor of 4265?
False
Is 634 a multiple of 8?
False
Is 9 a factor of 17370?
True
Is 5 a factor of 680?
True
Does 9 divide 711?
True
Is 1228 a multiple of 4?
True
Does 15 divide 15949?
False
Does 48 divide 1876?
False
Is 5516 a multiple of 5?
False
Does 10 divide 16300?
True
Is 246 a multiple of 2?
True
Is 1550 a multiple of 19?
False
Is 14214 a multiple of 101?
False
Does 89 divide 41407?
False
Does 40 divide 23560?
True
Is 190 a multiple of 10?
True
Does 10 divide 3854?
False
Is 52 a factor of 24068?
False
Is 7322 a multiple of 4?
False
Does 10 divide 3645?
False
Does 23 divide 7352?
False
Is 870 a multiple of 13?
False
Is 590 a multiple of 49?
False
Is 219 a multiple of 5?
False
Is 63 a factor of 14175?
True
Is 29 a factor of 812?
True
Is 949 a multiple of 13?
True
Does 29 divide 1812?
False
Is 3 a factor of 777?
True
Is 1645 a multiple of 69?
False
Is 11594 a multiple of 34?
True
Is 30 a factor of 494?
False
Is 5600 a multiple of 56?
True
Does 56 divide 3192?
True
Does 22 divide 9504?
True
Is 23232 a multiple of 48?
True
Does 8 divide 1132?
False
Is 3 a factor of 276?
True
Does 5 divide 580?
True
Does 3 divide 688?
False
Is 5 a factor of 63?
False
Is 1120 a multiple of 7?
True
Does 7 divide 659?
False
Does 74 divide 2838?
False
Is 69 a factor of 483?
True
Is 49 a factor of 1961?
False
Does 28 divide 224?
True
Is 13 a factor of 2606?
False
Does 12 divide 284?
False
Does 44 divide 44?
True
Does 14 divide 2198?
True
Does 13 divide 3068?
True
Is 35 a multiple of 7?
True
Does 93 divide 13950?
True
Is 118 a factor of 179319?
False
Does 59 divide 767?
True
Does 7 divide 2604?
True
Does 127 divide 15240?
True
Does 34 divide 1351?
False
Does 44 divide 587?
False
Is 32634 a multiple of 222?
True
Does 8 divide 7229?
False
Does 9 divide 732?
False
Does 156 divide 4524?
True
Is 419 a multiple of 12?
False
Is 9513 a multiple of 151?
True
Is 93 a factor of 9008?
False
Does 8 divide 5733?
False
Is 4 a factor of 15921?
False
Is 10 a factor of 1217?
False
Does 92 divide 9799?
False
Is 6 a factor of 774?
True
Is 2785 a multiple of 5?
True
Is 44 a factor of 6645?
False
Does 5 divide 480?
True
Is 9 a factor of 2376?
True
Is 85 a factor of 46561?
False
Does 221 divide 50167?
True
Is 7275 a multiple of 6?
False
Is 2 a factor of 215?
False
Is 5940 a multiple of 60?
True
Is 5796 a multiple of 21?
True
Does 32 divide 320?
True
Is 480 a multiple of 24?
True
Is 17404 a multiple of 76?
True
Is 253 a multiple of 60?
False
Is 102 a factor of 17938?
False
Is 46594 a multiple of 16?
False
Is 8 a factor of 11155?
False
Does 85 divide 2680?
False
Is 2 a factor of 622?
True
Is 7 a factor of 3347?
False
Does 17 divide 898?
False
Is 5568 a multiple of 116?
True
Does 3 divide 343?
False
Is 350 a factor of 114052?
False
Is 1341 a multiple of 9?
True
Is 16490 a multiple of 10?
True
Is 189 a factor of 11973?
False
Is 1183 a multiple of 6?
False
Is 8 a factor of 1465?
False
Is 41 a factor of 902?
True
Is 40 a factor of 3920?
True
Does 4 divide 43?
False
Is 11 a factor of 979?
True
Does 10 divide 690?
True
Is 5653 a multiple of 16?
False
Is 14082 a multiple of 2?
True
Does 50 divide 1043?
False
Is 86 a factor of 2067?
False
Is 12039 a multiple of 13?
False
Is 742 a multiple of 53?
True
Is 936 a multiple of 12?
True
Is 238 a multiple of 17?
True
Does 43 divide 7568?
True
Is 3699 a multiple of 45?
False
Does 23 divide 2048?
False
Is 14 a factor of 4256?
True
Is 5184 a multiple of 8?
True
Does 10 divide 1710?
True
Does 7 divide 10403?
False
Does 32 divide 7232?
True
Is 29070 a multiple of 19?
True
Does 21 divide 68229?
True
Is 891 a multiple of 81?
True
Is 52 a multiple of 6?
False
Is 4180 a multiple of 27?
False
Is 20 a multiple of 4?
True
Is 779 a multiple of 41?
True
Does 17 divide 867?
True
Does 13 divide 12093?
False
Is 9962 a multiple of 88?
False
Does 30 divide 1560?
True
Does 12 divide 52?
False
Is 144 a multiple of 6?
True
Is 13 a factor of 9763?
True
Is 1482 a multiple of 38?
True
Is 40 a factor of 9400?
True
Is 12493 a multiple of 31?
True
Is 1564 even?
True
Does 27 divide 219?
False
Is 8 a factor of 7144?
True
Is 1560 a multiple of 6?
True
Is 2409 even?
False
Does 13 divide 270?
False
Is 40 a factor of 353?
False
Is 482 a multiple of 13?
False
Does 10 divide 630?
True
Is 105880 a multiple of 40?
True
Is 52 a factor of 364?
True
Does 4 divide 344?
True
Does 20 divide 1400?
True
Is 44 a factor of 2200?
True
Does 24 divide 791?
False
Is 882 a multiple of 21?
True
Is 940 a multiple of 34?
False
Does 180 divide 63540?
True
Is 24 a factor of 2074?
False
Is 42 a factor of 9863?
False
Does 9 divide 5188?
False
Is 58 a factor of 2204?
True
Is 49630 a multiple of 14?
True
Does 88 divide 7744?
True
Is 22724 a multiple of 35?
False
Is 384 a multiple of 12?
True
Is 68 a factor of 2284?
False
Is 1374 a multiple of 32?
False
Does 24 divide 6624?
True
Is 183 a multiple of 3?
True
Is 11270 a multiple of 5?
True
Is 9 a factor of 159?
False
Is 27 a factor of 11718?
True
Is 11520 a multiple of 32?
True
Is 73736 a multiple of 52?
True
Does 34 divide 204?
True
Does 7 divide 554?
False
Does 8 divide 1704?
True
Is 2098 a multiple of 2?
True
Is 248 a multiple of 6?
False
Is 29 a factor of 261?
True
Is 1456 a multiple of 52?
True
Is 200 a factor of 6600?
True
Is 4 a factor of 184?
True
Is 420 a multiple of 14?
True
Is 785 a multiple of 14?
False
Is 2444 a multiple of 27?
False
Does 89 divide 842?
False
Is 8082 a multiple of 102?
False
Is 22 a factor of 550?
True
Is 2 a factor of 90?
True
Is 66213 a multiple of 21?
True
Is 21 a factor of 22319?
False
Is 10 a factor of 399?
False
Is 27 a factor of 1065?
False
Is 27 a factor of 7155?
True
Is 16 a factor of 64318?
False
Does 9 divide 503?
False
Is 228 a factor of 26676?
True
Does 62 divide 14923?
False
Is 598 a multiple of 19?
False
D